{"id":37,"date":"2022-07-04T11:04:45","date_gmt":"2022-07-04T11:04:45","guid":{"rendered":"https:\/\/www.pkf-attest.es\/auditoria-assurance\/?page_id=37"},"modified":"2025-01-22T12:04:30","modified_gmt":"2025-01-22T12:04:30","slug":"servicios","status":"publish","type":"page","link":"https:\/\/www.pkf-attest.es\/auditoria-assurance\/servicios\/","title":{"rendered":"Servicios"},"content":{"rendered":"\n<div style=\"background-color:#0b0b0b;padding-left:5%;padding-right:5%;padding-bottom:8%;padding-top:9%\" class=\"wp-block-genesis-blocks-gb-container gb-layout-hero-1 gb-block-container alignfull\"><div class=\"gb-container-inside\"><div class=\"gb-container-image-wrap\"><img decoding=\"async\" class=\"gb-container-image has-background-dim-70 has-background-dim\" src=\"https:\/\/www.pkf-attest.es\/auditoria-assurance\/wp-content\/uploads\/sites\/4\/2022\/07\/servicios-pkf-attest-auditoria-assurance_short.jpg\" alt=\"servicios pkf attest\"\/><\/div><div class=\"gb-container-content\" style=\"max-width:850px\">\n<h2 class=\"wp-block-heading has-text-align-center gb-white-text has-text-color has-link-color wp-elements-d94f2a850ae89b5b35d59c3ae44b9a2b\" id=\"h-servicios\" style=\"color:#ffffff;font-size:50px\">Servicios<\/h2>\n<\/div><\/div><\/div>\n\n\n\n<div style=\"height:30px\" aria-hidden=\"true\" class=\"wp-block-spacer\"><\/div>\n\n\n\n<div class=\"wp-block-genesis-blocks-gb-columns gb-layout-columns-1 one-column gb-columns-center\" style=\"padding-right:40px;padding-left:40px\"><div class=\"gb-layout-column-wrap gb-block-layout-column-gap-2 gb-is-responsive-column\" style=\"max-width:1200px\">\n<div class=\"wp-block-genesis-blocks-gb-column gb-block-layout-column\"><div class=\"gb-block-layout-column-inner\"><div class=\"yoast-breadcrumbs\"><span><span><a href=\"https:\/\/www.pkf-attest.es\/auditoria-assurance\/\">Inicio<\/a><\/span> \u00bb <span class=\"breadcrumb_last\" aria-current=\"page\">Servicios<\/span><\/span><\/div><\/div><\/div>\n<\/div><\/div>\n\n\n\n<div style=\"height:30px\" aria-hidden=\"true\" class=\"wp-block-spacer\"><\/div>\n\n\n\n<div class=\"wp-block-genesis-blocks-gb-columns gb-layout-columns-1 gb-1-col-equal gb-columns-center\" style=\"padding-right:40px;padding-left:40px\"><div class=\"gb-layout-column-wrap gb-block-layout-column-gap-2 gb-is-responsive-column\" style=\"max-width:1200px\">\n<div class=\"wp-block-genesis-blocks-gb-column gb-block-layout-column\"><div class=\"gb-block-layout-column-inner\">\n<h2 class=\"wp-block-heading\" id=\"h-servicios-de-auditoria-amp-assurance\">Servicios de Auditor\u00eda &amp; assurance<\/h2>\n\n\n\n<p>En PKF Attest contamos de un amplio abanico de servicios en el \u00e1rea, con el objetivo de acompa\u00f1ar a nuestros clientes en aquellas cuestiones que sean de especial relevancia para sus negocios.<\/p>\n\n\n\n<p>Nuestros equipos multidisciplinares permiten asegurar la m\u00e1xima garant\u00eda del servicio y calidad, gracias a la amplia experiencia de la firma.<\/p>\n<\/div><\/div>\n<\/div><\/div>\n\n\n\n<div class=\"wp-block-genesis-blocks-gb-columns gb-layout-columns-4 gb-4-col-equal gb-columns-center\" style=\"margin-bottom:3%\"><div class=\"gb-layout-column-wrap gb-block-layout-column-gap-2 gb-is-responsive-column\" style=\"max-width:960px\">\n<div class=\"wp-block-genesis-blocks-gb-column gb-block-layout-column\"><div class=\"gb-block-layout-column-inner\">\n<figure class=\"\">\n<div class=\"icon-text\">\n<img decoding=\"async\" class=\"\" src=\"https:\/\/www.pkf-attest.es\/auditoria-assurance\/wp-content\/uploads\/sites\/4\/2022\/07\/Auditoria.png\" alt=\"\">\n<span class=\"\"><a style=\"color:#00b5e5;\" href=\"https:\/\/www.pkf-attest.es\/auditoria-assurance\/servicios\/auditoria\/\" target=\"\">Auditor\u00eda<\/a><\/span>\n<\/div>\n<\/figure>\n<\/div><\/div>\n\n\n\n<div class=\"wp-block-genesis-blocks-gb-column gb-block-layout-column\"><div class=\"gb-block-layout-column-inner\">\n<figure class=\"\">\n<div class=\"icon-text\">\n<img decoding=\"async\" class=\"\" src=\"https:\/\/www.pkf-attest.es\/auditoria-assurance\/wp-content\/uploads\/sites\/4\/2022\/08\/Mesa-de-trabajo-1-copia-24.png\" alt=\"\">\n<span class=\"\"><a style=\"color:#00b5e5;\" href=\"https:\/\/www.pkf-attest.es\/auditoria-assurance\/servicios\/financial-advisory\/\" target=\"\">Financial Advisory<\/a><\/span>\n<\/div>\n<\/figure>\n<\/div><\/div>\n\n\n\n<div class=\"wp-block-genesis-blocks-gb-column gb-block-layout-column\"><div class=\"gb-block-layout-column-inner\">\n<figure class=\"\">\n<div class=\"icon-text\">\n<img decoding=\"async\" class=\"\" src=\"https:\/\/www.pkf-attest.es\/auditoria-assurance\/wp-content\/uploads\/sites\/4\/2022\/07\/Gobierno-riesgo-y-cumplimiento.png\" alt=\"\">\n<span class=\"\"><a style=\"color:#00b5e5;\" href=\"https:\/\/www.pkf-attest.es\/auditoria-assurance\/gobierno-riesgo-y-cumplimiento-grc\/\" target=\"\">Gobierno, riesgo y cumplimiento<\/a><\/span>\n<\/div>\n<\/figure>\n<\/div><\/div>\n\n\n\n<div class=\"wp-block-genesis-blocks-gb-column gb-block-layout-column\"><div class=\"gb-block-layout-column-inner\">\n<figure class=\"\">\n<div class=\"icon-text\">\n<img decoding=\"async\" class=\"\" src=\"https:\/\/www.pkf-attest.es\/auditoria-assurance\/wp-content\/uploads\/sites\/4\/2022\/08\/Forensic.png\" alt=\"\">\n<span class=\"\"><a style=\"color:#00b5e5;\" href=\"https:\/\/www.pkf-attest.es\/auditoria-assurance\/servicios\/forensic\/\" target=\"\">Forensic<\/a><\/span>\n<\/div>\n<\/figure>\n<\/div><\/div>\n<\/div><\/div>\n\n\n\n<div style=\"height:40px\" aria-hidden=\"true\" class=\"wp-block-spacer\"><\/div>\n\n\n\n<div class=\"wp-block-genesis-blocks-gb-columns gb-layout-columns-1 one-column gb-columns-center\" style=\"padding-right:20px;padding-left:20px\"><div class=\"gb-layout-column-wrap gb-block-layout-column-gap-2 gb-is-responsive-column\" style=\"max-width:1200px\">\n<div class=\"wp-block-genesis-blocks-gb-column gb-block-layout-column\"><div class=\"gb-block-layout-column-inner\">\n<section id=\"\" class=\"bannerinterior-dcha\">\n<div class=\"container-left-img\" style=\"background-image: url(https:\/\/www.pkf-attest.es\/auditoria-assurance\/wp-content\/uploads\/sites\/4\/2022\/07\/auditora-assurance-servicios-scaled.jpeg);\"><\/div>\n<div class=\"container-right\">\t\t\n\t<div class=\"content-right\">\n\t        <div class=\"content-right-color\" style=\"zoom: 1;color: #fff;\">\n                        <h2 class=\"title-right\" style=\"color:#ffffff\"><b>Nuestra propuesta de valor<\/b><\/strong><\/h2>\n                        <p class=\"text-right\" style=\"color:\">El enfoque de nuestro servicio se basa en la rigurosidad e independencia de cada auditor\u00eda, apoy\u00e1ndonos para ello en la tecnolog\u00eda. La mejora de las funciones financieras y el entorno de control y cumplimiento de las empresas que conf\u00edan en nosotros es nuestra prioridad.<\/p>\n                        <a  class=\"enlace-right\" style=\"color:\" href=\"\" target=\"\"><\/a>\n                <\/div>\n\t<\/div>\n\t<div class=\"container-right-bg\" style=\"background-color:#00b5e5\"><\/div>\n<\/div>\n<\/section>\n\n<\/div><\/div>\n<\/div><\/div>\n\n\n\n<div style=\"height:50px\" aria-hidden=\"true\" class=\"wp-block-spacer\"><\/div>\n\n\n\n<div class=\"wp-block-genesis-blocks-gb-columns gb-layout-columns-1 gb-1-col-equal gb-has-custom-background-color gb-columns-center\" style=\"padding-top:50px;padding-right:40px;padding-bottom:40px;padding-left:40px;background-color:#0f1c33\"><div class=\"gb-layout-column-wrap gb-block-layout-column-gap-2 gb-is-responsive-column\" style=\"max-width:1200px\">\n<div class=\"wp-block-genesis-blocks-gb-column gb-block-layout-column gb-is-vertically-aligned-center\"><div class=\"gb-block-layout-column-inner\">\n<h2 class=\"wp-block-heading has-text-align-center has-white-color has-text-color\" id=\"h-contacta-con-nosotros\">Contacta con nosotros<\/h2>\n\n\n\n<p class=\"has-text-align-center has-white-color has-text-color\" style=\"font-size:16px\">Env\u00edanos tu consulta y nuestro equipo de expertos te atender\u00e1 a la mayor brevedad posible<\/p>\n\n\n\n<div class=\"wp-block-genesis-blocks-gb-columns gb-layout-columns-5 gb-5-col-equal gb-columns-center\"><div class=\"gb-layout-column-wrap gb-block-layout-column-gap-0 gb-is-responsive-column\" style=\"max-width:1200px\">\n<div class=\"wp-block-genesis-blocks-gb-column gb-block-layout-column\"><div class=\"gb-block-layout-column-inner\">\n<p><\/p>\n<\/div><\/div>\n\n\n\n<div class=\"wp-block-genesis-blocks-gb-column gb-block-layout-column\"><div class=\"gb-block-layout-column-inner\">\n<p><\/p>\n<\/div><\/div>\n\n\n\n<div class=\"wp-block-genesis-blocks-gb-column gb-block-layout-column\"><div class=\"gb-block-layout-column-inner\">\n<figure class=\"blockbuttom\">\n<div class=\"\">\n\t<a class=\"button\" style=\"color:#202945; background-color:#00b5e5; border-color:#00b5e5;\" href=\"https:\/\/www.pkf-attest.es\/contacto\/\" target=\"_blank\">Contacta<\/a>\n<\/div>\n<\/figure>\n<\/div><\/div>\n\n\n\n<div class=\"wp-block-genesis-blocks-gb-column gb-block-layout-column\"><div class=\"gb-block-layout-column-inner\">\n<p><\/p>\n<\/div><\/div>\n\n\n\n<div class=\"wp-block-genesis-blocks-gb-column gb-block-layout-column\"><div class=\"gb-block-layout-column-inner\">\n<p><\/p>\n<\/div><\/div>\n<\/div><\/div>\n<\/div><\/div>\n<\/div><\/div>\n","protected":false},"excerpt":{"rendered":"","protected":false},"author":11,"featured_media":372,"parent":0,"menu_order":0,"comment_status":"closed","ping_status":"closed","template":"page-templates\/page-attest-ase-servicios.php","meta":{"_acf_changed":false,"_genesis_hide_title":false,"_genesis_hide_breadcrumbs":false,"_genesis_hide_singular_image":false,"_genesis_hide_footer_widgets":false,"_genesis_custom_body_class":"","_genesis_custom_post_class":"","_genesis_layout":"","footnotes":""},"class_list":{"0":"post-37","1":"page","2":"type-page","3":"status-publish","4":"has-post-thumbnail","6":"entry"},"acf":[],"yoast_head":"<!-- This site is optimized with the Yoast SEO Premium plugin v27.3 (Yoast SEO v27.3) - https:\/\/yoast.com\/product\/yoast-seo-premium-wordpress\/ -->\n<title>Servicios - PKF Attest Auditoria &amp; assurance<\/title>\n<meta name=\"description\" content=\"Ponemos a vuestra dispoisic\u00f3n una red de profesionales en el \u00e1mbito de auditor\u00eda &amp; assurance. M\u00e1s de 30 a\u00f1os de experiencia.\" \/>\n<meta name=\"robots\" content=\"index, follow, max-snippet:-1, max-image-preview:large, max-video-preview:-1\" \/>\n<link rel=\"canonical\" href=\"https:\/\/www.pkf-attest.es\/auditoria-assurance\/servicios\/\" \/>\n<meta property=\"og:locale\" content=\"es_ES\" \/>\n<meta property=\"og:type\" content=\"article\" \/>\n<meta property=\"og:title\" content=\"Servicios\" \/>\n<meta property=\"og:description\" content=\"Ponemos a vuestra dispoisic\u00f3n una red de profesionales en el \u00e1mbito de auditor\u00eda &amp; assurance. M\u00e1s de 30 a\u00f1os de experiencia.\" \/>\n<meta property=\"og:url\" content=\"https:\/\/www.pkf-attest.es\/auditoria-assurance\/servicios\/\" \/>\n<meta property=\"og:site_name\" content=\"PKF Attest Auditoria &amp; assurance\" \/>\n<meta property=\"article:modified_time\" content=\"2025-01-22T12:04:30+00:00\" \/>\n<meta property=\"og:image\" content=\"https:\/\/www.pkf-attest.es\/auditoria-assurance\/wp-content\/uploads\/sites\/4\/2022\/07\/auditora-assurance-servicios-scaled.jpeg\" \/>\n\t<meta property=\"og:image:width\" content=\"2560\" \/>\n\t<meta property=\"og:image:height\" content=\"1440\" \/>\n\t<meta property=\"og:image:type\" content=\"image\/jpeg\" \/>\n<meta name=\"twitter:card\" content=\"summary_large_image\" \/>\n<meta name=\"twitter:label1\" content=\"Tiempo de lectura\" \/>\n\t<meta name=\"twitter:data1\" content=\"1 minuto\" \/>\n<script type=\"application\/ld+json\" class=\"yoast-schema-graph\">{\"@context\":\"https:\\\/\\\/schema.org\",\"@graph\":[{\"@type\":\"WebPage\",\"@id\":\"https:\\\/\\\/www.pkf-attest.es\\\/auditoria-assurance\\\/servicios\\\/\",\"url\":\"https:\\\/\\\/www.pkf-attest.es\\\/auditoria-assurance\\\/servicios\\\/\",\"name\":\"Servicios - PKF Attest Auditoria &amp; assurance\",\"isPartOf\":{\"@id\":\"https:\\\/\\\/www.pkf-attest.es\\\/auditoria-assurance\\\/#website\"},\"primaryImageOfPage\":{\"@id\":\"https:\\\/\\\/www.pkf-attest.es\\\/auditoria-assurance\\\/servicios\\\/#primaryimage\"},\"image\":{\"@id\":\"https:\\\/\\\/www.pkf-attest.es\\\/auditoria-assurance\\\/servicios\\\/#primaryimage\"},\"thumbnailUrl\":\"https:\\\/\\\/www.pkf-attest.es\\\/auditoria-assurance\\\/wp-content\\\/uploads\\\/sites\\\/4\\\/2022\\\/07\\\/auditora-assurance-servicios-scaled.jpeg\",\"datePublished\":\"2022-07-04T11:04:45+00:00\",\"dateModified\":\"2025-01-22T12:04:30+00:00\",\"description\":\"Ponemos a vuestra dispoisic\u00f3n una red de profesionales en el \u00e1mbito de auditor\u00eda & assurance. M\u00e1s de 30 a\u00f1os de experiencia.\",\"breadcrumb\":{\"@id\":\"https:\\\/\\\/www.pkf-attest.es\\\/auditoria-assurance\\\/servicios\\\/#breadcrumb\"},\"inLanguage\":\"es\",\"potentialAction\":[{\"@type\":\"ReadAction\",\"target\":[\"https:\\\/\\\/www.pkf-attest.es\\\/auditoria-assurance\\\/servicios\\\/\"]}]},{\"@type\":\"ImageObject\",\"inLanguage\":\"es\",\"@id\":\"https:\\\/\\\/www.pkf-attest.es\\\/auditoria-assurance\\\/servicios\\\/#primaryimage\",\"url\":\"https:\\\/\\\/www.pkf-attest.es\\\/auditoria-assurance\\\/wp-content\\\/uploads\\\/sites\\\/4\\\/2022\\\/07\\\/auditora-assurance-servicios-scaled.jpeg\",\"contentUrl\":\"https:\\\/\\\/www.pkf-attest.es\\\/auditoria-assurance\\\/wp-content\\\/uploads\\\/sites\\\/4\\\/2022\\\/07\\\/auditora-assurance-servicios-scaled.jpeg\",\"width\":2560,\"height\":1440,\"caption\":\"auditora assurance servicios\"},{\"@type\":\"BreadcrumbList\",\"@id\":\"https:\\\/\\\/www.pkf-attest.es\\\/auditoria-assurance\\\/servicios\\\/#breadcrumb\",\"itemListElement\":[{\"@type\":\"ListItem\",\"position\":1,\"name\":\"Inicio\",\"item\":\"https:\\\/\\\/www.pkf-attest.es\\\/auditoria-assurance\\\/\"},{\"@type\":\"ListItem\",\"position\":2,\"name\":\"Servicios\"}]},{\"@type\":\"WebSite\",\"@id\":\"https:\\\/\\\/www.pkf-attest.es\\\/auditoria-assurance\\\/#website\",\"url\":\"https:\\\/\\\/www.pkf-attest.es\\\/auditoria-assurance\\\/\",\"name\":\"PKF Attest Auditoria &amp; assurance\",\"description\":\"PKF Attest Auditoria &amp; assurance\",\"publisher\":{\"@id\":\"https:\\\/\\\/www.pkf-attest.es\\\/auditoria-assurance\\\/#organization\"},\"potentialAction\":[{\"@type\":\"SearchAction\",\"target\":{\"@type\":\"EntryPoint\",\"urlTemplate\":\"https:\\\/\\\/www.pkf-attest.es\\\/auditoria-assurance\\\/?s={search_term_string}\"},\"query-input\":{\"@type\":\"PropertyValueSpecification\",\"valueRequired\":true,\"valueName\":\"search_term_string\"}}],\"inLanguage\":\"es\"},{\"@type\":\"Organization\",\"@id\":\"https:\\\/\\\/www.pkf-attest.es\\\/auditoria-assurance\\\/#organization\",\"name\":\"PKF Attest Auditoria &amp; assurance\",\"url\":\"https:\\\/\\\/www.pkf-attest.es\\\/auditoria-assurance\\\/\",\"logo\":{\"@type\":\"ImageObject\",\"inLanguage\":\"es\",\"@id\":\"https:\\\/\\\/www.pkf-attest.es\\\/auditoria-assurance\\\/#\\\/schema\\\/logo\\\/image\\\/\",\"url\":\"https:\\\/\\\/www.pkf-attest.es\\\/auditoria-assurance\\\/wp-content\\\/uploads\\\/sites\\\/4\\\/2023\\\/12\\\/Logotipo_PKF-Attest-675x675-1.jpg\",\"contentUrl\":\"https:\\\/\\\/www.pkf-attest.es\\\/auditoria-assurance\\\/wp-content\\\/uploads\\\/sites\\\/4\\\/2023\\\/12\\\/Logotipo_PKF-Attest-675x675-1.jpg\",\"width\":675,\"height\":675,\"caption\":\"PKF Attest Auditoria &amp; assurance\"},\"image\":{\"@id\":\"https:\\\/\\\/www.pkf-attest.es\\\/auditoria-assurance\\\/#\\\/schema\\\/logo\\\/image\\\/\"}}]}<\/script>\n<!-- \/ Yoast SEO Premium plugin. -->","yoast_head_json":{"title":"Servicios - PKF Attest Auditoria &amp; assurance","description":"Ponemos a vuestra dispoisic\u00f3n una red de profesionales en el \u00e1mbito de auditor\u00eda & assurance. M\u00e1s de 30 a\u00f1os de experiencia.","robots":{"index":"index","follow":"follow","max-snippet":"max-snippet:-1","max-image-preview":"max-image-preview:large","max-video-preview":"max-video-preview:-1"},"canonical":"https:\/\/www.pkf-attest.es\/auditoria-assurance\/servicios\/","og_locale":"es_ES","og_type":"article","og_title":"Servicios","og_description":"Ponemos a vuestra dispoisic\u00f3n una red de profesionales en el \u00e1mbito de auditor\u00eda & assurance. M\u00e1s de 30 a\u00f1os de experiencia.","og_url":"https:\/\/www.pkf-attest.es\/auditoria-assurance\/servicios\/","og_site_name":"PKF Attest Auditoria &amp; assurance","article_modified_time":"2025-01-22T12:04:30+00:00","og_image":[{"width":2560,"height":1440,"url":"https:\/\/www.pkf-attest.es\/auditoria-assurance\/wp-content\/uploads\/sites\/4\/2022\/07\/auditora-assurance-servicios-scaled.jpeg","type":"image\/jpeg"}],"twitter_card":"summary_large_image","twitter_misc":{"Tiempo de lectura":"1 minuto"},"schema":{"@context":"https:\/\/schema.org","@graph":[{"@type":"WebPage","@id":"https:\/\/www.pkf-attest.es\/auditoria-assurance\/servicios\/","url":"https:\/\/www.pkf-attest.es\/auditoria-assurance\/servicios\/","name":"Servicios - PKF Attest Auditoria &amp; assurance","isPartOf":{"@id":"https:\/\/www.pkf-attest.es\/auditoria-assurance\/#website"},"primaryImageOfPage":{"@id":"https:\/\/www.pkf-attest.es\/auditoria-assurance\/servicios\/#primaryimage"},"image":{"@id":"https:\/\/www.pkf-attest.es\/auditoria-assurance\/servicios\/#primaryimage"},"thumbnailUrl":"https:\/\/www.pkf-attest.es\/auditoria-assurance\/wp-content\/uploads\/sites\/4\/2022\/07\/auditora-assurance-servicios-scaled.jpeg","datePublished":"2022-07-04T11:04:45+00:00","dateModified":"2025-01-22T12:04:30+00:00","description":"Ponemos a vuestra dispoisic\u00f3n una red de profesionales en el \u00e1mbito de auditor\u00eda & assurance. M\u00e1s de 30 a\u00f1os de experiencia.","breadcrumb":{"@id":"https:\/\/www.pkf-attest.es\/auditoria-assurance\/servicios\/#breadcrumb"},"inLanguage":"es","potentialAction":[{"@type":"ReadAction","target":["https:\/\/www.pkf-attest.es\/auditoria-assurance\/servicios\/"]}]},{"@type":"ImageObject","inLanguage":"es","@id":"https:\/\/www.pkf-attest.es\/auditoria-assurance\/servicios\/#primaryimage","url":"https:\/\/www.pkf-attest.es\/auditoria-assurance\/wp-content\/uploads\/sites\/4\/2022\/07\/auditora-assurance-servicios-scaled.jpeg","contentUrl":"https:\/\/www.pkf-attest.es\/auditoria-assurance\/wp-content\/uploads\/sites\/4\/2022\/07\/auditora-assurance-servicios-scaled.jpeg","width":2560,"height":1440,"caption":"auditora assurance servicios"},{"@type":"BreadcrumbList","@id":"https:\/\/www.pkf-attest.es\/auditoria-assurance\/servicios\/#breadcrumb","itemListElement":[{"@type":"ListItem","position":1,"name":"Inicio","item":"https:\/\/www.pkf-attest.es\/auditoria-assurance\/"},{"@type":"ListItem","position":2,"name":"Servicios"}]},{"@type":"WebSite","@id":"https:\/\/www.pkf-attest.es\/auditoria-assurance\/#website","url":"https:\/\/www.pkf-attest.es\/auditoria-assurance\/","name":"PKF Attest Auditoria &amp; assurance","description":"PKF Attest Auditoria &amp; assurance","publisher":{"@id":"https:\/\/www.pkf-attest.es\/auditoria-assurance\/#organization"},"potentialAction":[{"@type":"SearchAction","target":{"@type":"EntryPoint","urlTemplate":"https:\/\/www.pkf-attest.es\/auditoria-assurance\/?s={search_term_string}"},"query-input":{"@type":"PropertyValueSpecification","valueRequired":true,"valueName":"search_term_string"}}],"inLanguage":"es"},{"@type":"Organization","@id":"https:\/\/www.pkf-attest.es\/auditoria-assurance\/#organization","name":"PKF Attest Auditoria &amp; assurance","url":"https:\/\/www.pkf-attest.es\/auditoria-assurance\/","logo":{"@type":"ImageObject","inLanguage":"es","@id":"https:\/\/www.pkf-attest.es\/auditoria-assurance\/#\/schema\/logo\/image\/","url":"https:\/\/www.pkf-attest.es\/auditoria-assurance\/wp-content\/uploads\/sites\/4\/2023\/12\/Logotipo_PKF-Attest-675x675-1.jpg","contentUrl":"https:\/\/www.pkf-attest.es\/auditoria-assurance\/wp-content\/uploads\/sites\/4\/2023\/12\/Logotipo_PKF-Attest-675x675-1.jpg","width":675,"height":675,"caption":"PKF Attest Auditoria &amp; assurance"},"image":{"@id":"https:\/\/www.pkf-attest.es\/auditoria-assurance\/#\/schema\/logo\/image\/"}}]}},"featured_image_src":"https:\/\/www.pkf-attest.es\/auditoria-assurance\/wp-content\/uploads\/sites\/4\/2022\/07\/auditora-assurance-servicios-600x400.jpeg","featured_image_src_square":"https:\/\/www.pkf-attest.es\/auditoria-assurance\/wp-content\/uploads\/sites\/4\/2022\/07\/auditora-assurance-servicios-600x600.jpeg","_links":{"self":[{"href":"https:\/\/www.pkf-attest.es\/auditoria-assurance\/wp-json\/wp\/v2\/pages\/37","targetHints":{"allow":["GET"]}}],"collection":[{"href":"https:\/\/www.pkf-attest.es\/auditoria-assurance\/wp-json\/wp\/v2\/pages"}],"about":[{"href":"https:\/\/www.pkf-attest.es\/auditoria-assurance\/wp-json\/wp\/v2\/types\/page"}],"author":[{"embeddable":true,"href":"https:\/\/www.pkf-attest.es\/auditoria-assurance\/wp-json\/wp\/v2\/users\/11"}],"replies":[{"embeddable":true,"href":"https:\/\/www.pkf-attest.es\/auditoria-assurance\/wp-json\/wp\/v2\/comments?post=37"}],"version-history":[{"count":18,"href":"https:\/\/www.pkf-attest.es\/auditoria-assurance\/wp-json\/wp\/v2\/pages\/37\/revisions"}],"predecessor-version":[{"id":1373,"href":"https:\/\/www.pkf-attest.es\/auditoria-assurance\/wp-json\/wp\/v2\/pages\/37\/revisions\/1373"}],"wp:featuredmedia":[{"embeddable":true,"href":"https:\/\/www.pkf-attest.es\/auditoria-assurance\/wp-json\/wp\/v2\/media\/372"}],"wp:attachment":[{"href":"https:\/\/www.pkf-attest.es\/auditoria-assurance\/wp-json\/wp\/v2\/media?parent=37"}],"curies":[{"name":"wp","href":"https:\/\/api.w.org\/{rel}","templated":true}]}}