{"id":2641,"date":"2022-05-09T14:20:58","date_gmt":"2022-05-09T14:20:58","guid":{"rendered":"https:\/\/www.pkf-attest.es\/tecnologia\/?page_id=2641"},"modified":"2024-06-12T07:53:39","modified_gmt":"2024-06-12T07:53:39","slug":"disclaimer-pkf","status":"publish","type":"page","link":"https:\/\/www.pkf-attest.es\/tecnologia\/disclaimer-pkf\/","title":{"rendered":"Disclaimer PKF"},"content":{"rendered":"\n<div class=\"wp-block-genesis-blocks-gb-columns gb-slate-section-hero-title gpb-slate-section-hero-title gb-layout-columns-1 one-column gb-has-background-dim gb-has-background-dim-70 gb-background-cover gb-background-no-repeat gb-has-custom-background-color gb-has-custom-text-color gb-columns-center alignfull\" style=\"padding-top:5em;padding-right:1em;padding-bottom:5em;padding-left:1em;background-color:#0f3780;color:#f5f5f5;background-image:url(https:\/\/demo.studiopress.com\/page-builder\/slate\/gb_slate_hero_background.jpg);background-position:48% 72%\"><div class=\"gb-layout-column-wrap gb-block-layout-column-gap-1 gb-is-responsive-column\" style=\"max-width:1200px\">\n<div class=\"wp-block-genesis-blocks-gb-column gb-block-layout-column\"><div class=\"gb-block-layout-column-inner\" style=\"text-align:center\">\n<div class=\"wp-block-genesis-blocks-gb-columns gb-layout-columns-1 gb-1-col-equal gb-columns-center alignfull\"><div class=\"gb-layout-column-wrap gb-block-layout-column-gap-8 gb-is-responsive-column\" style=\"max-width:1200px\">\n<div class=\"wp-block-genesis-blocks-gb-column gb-block-layout-column gb-is-vertically-aligned-top\"><div class=\"gb-block-layout-column-inner\">\n<div style=\"height:100px\" aria-hidden=\"true\" class=\"wp-block-spacer\"><\/div>\n\n\n\n<h2 class=\"wp-block-heading has-text-color\" id=\"h-disclaimer\" style=\"color:#f5f5f5;font-size:60px\">Disclaimer<\/h2>\n\n\n\n<div style=\"height:50px\" aria-hidden=\"true\" class=\"wp-block-spacer\"><\/div>\n<\/div><\/div>\n<\/div><\/div>\n<\/div><\/div>\n<\/div><\/div>\n\n\n\n<div style=\"height:48px\" aria-hidden=\"true\" class=\"wp-block-spacer\"><\/div>\n\n\n\n<div class=\"wp-block-genesis-blocks-gb-columns gb-layout-columns-1 one-column gb-columns-center\"><div class=\"gb-layout-column-wrap gb-block-layout-column-gap-2 gb-is-responsive-column\" style=\"max-width:1280px\">\n<div class=\"wp-block-genesis-blocks-gb-column gb-block-layout-column\"><div class=\"gb-block-layout-column-inner\">\n<p>PKF Attest es miembro de la red de firmas jur\u00eddicamente independientes PKF International Limited y no acepta ninguna responsabilidad u obligaci\u00f3n por las acciones u omisiones de cualquier firma miembro o corresponsal de la red.<\/p>\n\n\n\n<p>\u201cPKF\u00bb y el logotipo de PKF son marcas registradas utilizadas por PKF International y las firmas miembro de PKF International Network. No pueden ser utilizadas por nadie que no sea una firma miembro debidamente autorizada por la Red.<\/p>\n\n\n\n<p><strong>_______________________________________________________________________________<\/strong><\/p>\n\n\n\n<p>PKF Attest is a member firm of the PKF International Limited family of legally independent firms and does not accept any responsibility or liability for the actions or inactions of any individual member or correspondent firm or firms.<\/p>\n\n\n\n<p>\u00abPKF\u00bb and the PKF logo are registered trademarks used by PKF International and member firms of the PKF International Network. They may not be used by anyone other than a duly licensed member firm of the Network.<\/p>\n<\/div><\/div>\n<\/div><\/div>\n\n\n\n<div style=\"height:48px\" aria-hidden=\"true\" class=\"wp-block-spacer\"><\/div>\n\n\n\n<div class=\"wp-block-genesis-blocks-gb-columns ecosistema gb-layout-columns-1 one-column gb-columns-center\" style=\"padding-top:50px;padding-right:20px;padding-bottom:50px;padding-left:20px\"><div class=\"gb-layout-column-wrap gb-block-layout-column-gap-2 gb-is-responsive-column\" style=\"max-width:1280px\">\n<div class=\"wp-block-genesis-blocks-gb-column gb-block-layout-column\"><div class=\"gb-block-layout-column-inner\">\n<h2 class=\"wp-block-heading has-text-align-center azulAttest OpenSansLight\" id=\"h-descubre-todo-el-ecosistema-de-pkf-attest\">Descubre todo el Ecosistema de PKF Attest<\/h2>\n\n\n<div class=\"containerEcosistema sliderEcosistema\">\n\n  <!--- y aqui contenido que itera -->\n  <div class=\"slider-ecosistema\">\n    <div class=\"slick-carousel\">\n\n\n      \n            <div class=\"item\">\n              <a href=\"https:\/\/www.pkf-attest.es\/tecnologia\/\">\n                <img decoding=\"async\" class=\"icono\" src=\"https:\/\/www.pkf-attest.es\/tecnologia\/wp-content\/uploads\/sites\/2\/2023\/04\/Business-SolutionsBusiness-Intelligence.png\" alt=\"Business Solutions \">\n                <h4>Business Solutions <\/h4>\n              <\/a>\n            <\/div>\n            <!-- Fin Item -->\n\n      \n            <div class=\"item\">\n              <a href=\"https:\/\/www.pkf-attest.es\/servicios\/esg\/\">\n                <img decoding=\"async\" class=\"icono\" src=\"https:\/\/www.pkf-attest.es\/tecnologia\/wp-content\/uploads\/sites\/2\/2023\/04\/ESG.png\" alt=\"ESG\">\n                <h4>ESG<\/h4>\n              <\/a>\n            <\/div>\n            <!-- Fin Item -->\n\n      \n            <div class=\"item\">\n              <a href=\"https:\/\/www.pkf-attest.es\/servicios\/concursal\/\">\n                <img decoding=\"async\" class=\"icono\" src=\"https:\/\/www.pkf-attest.es\/tecnologia\/wp-content\/uploads\/sites\/2\/2023\/04\/Concursal.png\" alt=\"Concursal\">\n                <h4>Concursal<\/h4>\n              <\/a>\n            <\/div>\n            <!-- Fin Item -->\n\n      \n            <div class=\"item\">\n              <a href=\"https:\/\/www.pkf-attest.es\/financial-advisory\/\">\n                <img decoding=\"async\" class=\"icono\" src=\"https:\/\/www.pkf-attest.es\/tecnologia\/wp-content\/uploads\/sites\/2\/2023\/04\/Corporate-Finance.png\" alt=\"Corporate Finance\">\n                <h4>Corporate Finance<\/h4>\n              <\/a>\n            <\/div>\n            <!-- Fin Item -->\n\n      \n            <div class=\"item\">\n              <a href=\"https:\/\/www.pkf-attest.es\/auditoria-assurance\/\">\n                <img decoding=\"async\" class=\"icono\" src=\"https:\/\/www.pkf-attest.es\/tecnologia\/wp-content\/uploads\/sites\/2\/2023\/04\/Auditoria-y-assurance.png\" alt=\"Auditor\u00eda y Assurance\">\n                <h4>Auditor\u00eda y Assurance<\/h4>\n              <\/a>\n            <\/div>\n            <!-- Fin Item -->\n\n      \n            <div class=\"item\">\n              <a href=\"https:\/\/www.pkf-attest.es\/mercados-de-capitales\/\">\n                <img decoding=\"async\" class=\"icono\" src=\"https:\/\/www.pkf-attest.es\/tecnologia\/wp-content\/uploads\/sites\/2\/2023\/04\/Mercado-de-capitalescapital-Markets.png\" alt=\"Mercado de capitales\">\n                <h4>Mercado de capitales<\/h4>\n              <\/a>\n            <\/div>\n            <!-- Fin Item -->\n\n      \n            <div class=\"item\">\n              <a href=\"https:\/\/www.pkf-attest.es\/asesoramiento-legal-y-fiscal\/\">\n                <img decoding=\"async\" class=\"icono\" src=\"https:\/\/www.pkf-attest.es\/tecnologia\/wp-content\/uploads\/sites\/2\/2023\/04\/Asesoramiento-legal-y-fiscal.png\" alt=\"Asesoramiento Legal y Fiscal\">\n                <h4>Asesoramiento Legal y Fiscal<\/h4>\n              <\/a>\n            <\/div>\n            <!-- Fin Item -->\n\n      \n            <div class=\"item\">\n              <a href=\"https:\/\/www.pkf-attest.es\/ayudas-publicas-incentivos-i-d-i\/\">\n                <img decoding=\"async\" class=\"icono\" src=\"https:\/\/www.pkf-attest.es\/tecnologia\/wp-content\/uploads\/sites\/2\/2023\/04\/Ayudas-publicas.png\" alt=\"Ayudas p\u00fablicas\">\n                <h4>Ayudas p\u00fablicas<\/h4>\n              <\/a>\n            <\/div>\n            <!-- Fin Item -->\n\n      \n            <div class=\"item\">\n              <a href=\"https:\/\/www.pkf-attest.es\/servicios\/consultoria\/\">\n                <img decoding=\"async\" class=\"icono\" src=\"https:\/\/www.pkf-attest.es\/tecnologia\/wp-content\/uploads\/sites\/2\/2023\/04\/Consultoria-estrategica-y-de-negocio.png\" alt=\"Consultor\u00eda estrat\u00e9gica de negocio y gesti\u00f3n\">\n                <h4>Consultor\u00eda estrat\u00e9gica de negocio y gesti\u00f3n<\/h4>\n              <\/a>\n            <\/div>\n            <!-- Fin Item -->\n\n      \n            <div class=\"item\">\n              <a href=\"https:\/\/www.pkf-attest.es\/tecnologia\/software-gestion-empresarial\/inteligencia-de-negocios\/microsoft-power-bi\/\">\n                <img decoding=\"async\" class=\"icono\" src=\"https:\/\/www.pkf-attest.es\/tecnologia\/wp-content\/uploads\/sites\/2\/2023\/04\/Business-SolutionsBusiness-Intelligence.png\" alt=\"Business Inteligence\">\n                <h4>Business Inteligence<\/h4>\n              <\/a>\n            <\/div>\n            <!-- Fin Item -->\n\n            <!-- y aqu\u00ed contenido de cierre del contenedor -->\n    <\/div>\n  <\/div>\n\n  <!-- cierro contenedor -->\n<\/div>\n\n\n\n\n<!-- jQuery CDN -->\n<!-- TRANCHE QUIETO JQUERY MIN VIEJO -->\n\n\n\n\n<!-- FIN QUITO JQUERY MIN VIEJO -->\n<!-- slick Carousel CDN --><\/div><\/div>\n<\/div><\/div>\n","protected":false},"excerpt":{"rendered":"","protected":false},"author":32,"featured_media":0,"parent":0,"menu_order":0,"comment_status":"closed","ping_status":"closed","template":"","meta":{"_acf_changed":false,"_genesis_hide_title":false,"_genesis_hide_breadcrumbs":false,"_genesis_hide_singular_image":false,"_genesis_hide_footer_widgets":false,"_genesis_custom_body_class":"","_genesis_custom_post_class":"","_genesis_layout":"","footnotes":""},"class_list":{"0":"post-2641","1":"page","2":"type-page","3":"status-publish","5":"entry"},"acf":[],"yoast_head":"<!-- This site is optimized with the Yoast SEO Premium plugin v27.3 (Yoast SEO v27.3) - https:\/\/yoast.com\/product\/yoast-seo-premium-wordpress\/ -->\n<title>Disclaimer PKF - PKF Attest Tecnologia<\/title>\n<meta name=\"description\" content=\"PKF Attest es miembro de la red de firmas jur\u00eddicamente independientes PKF International Limited y no acepta ninguna responsabilidad u obligaci\u00f3n por las acciones u omisiones de cualquier firma miembro o corresponsal de la red.\" \/>\n<meta name=\"robots\" content=\"index, follow, max-snippet:-1, max-image-preview:large, max-video-preview:-1\" \/>\n<link rel=\"canonical\" href=\"https:\/\/www.pkf-attest.es\/tecnologia\/disclaimer-pkf\/\" \/>\n<meta property=\"og:locale\" content=\"es_ES\" \/>\n<meta property=\"og:type\" content=\"article\" \/>\n<meta property=\"og:title\" content=\"Disclaimer PKF\" \/>\n<meta property=\"og:description\" content=\"PKF Attest es miembro de la red de firmas jur\u00eddicamente independientes PKF International Limited y no acepta ninguna responsabilidad u obligaci\u00f3n por las acciones u omisiones de cualquier firma miembro o corresponsal de la red.\" \/>\n<meta property=\"og:url\" content=\"https:\/\/www.pkf-attest.es\/tecnologia\/disclaimer-pkf\/\" \/>\n<meta property=\"og:site_name\" content=\"PKF Attest Tecnologia\" \/>\n<meta property=\"article:modified_time\" content=\"2024-06-12T07:53:39+00:00\" \/>\n<meta property=\"og:image\" content=\"https:\/\/www.pkf-attest.es\/tecnologia\/wp-content\/uploads\/sites\/2\/2023\/12\/Logotipo_PKF-Attest-1200x675-1.jpg\" \/>\n\t<meta property=\"og:image:width\" content=\"1200\" \/>\n\t<meta property=\"og:image:height\" content=\"675\" \/>\n\t<meta property=\"og:image:type\" content=\"image\/jpeg\" \/>\n<meta name=\"twitter:card\" content=\"summary_large_image\" \/>\n<meta name=\"twitter:label1\" content=\"Tiempo de lectura\" \/>\n\t<meta name=\"twitter:data1\" content=\"1 minuto\" \/>\n<script type=\"application\/ld+json\" class=\"yoast-schema-graph\">{\"@context\":\"https:\\\/\\\/schema.org\",\"@graph\":[{\"@type\":\"WebPage\",\"@id\":\"https:\\\/\\\/www.pkf-attest.es\\\/tecnologia\\\/disclaimer-pkf\\\/\",\"url\":\"https:\\\/\\\/www.pkf-attest.es\\\/tecnologia\\\/disclaimer-pkf\\\/\",\"name\":\"Disclaimer PKF - PKF Attest Tecnologia\",\"isPartOf\":{\"@id\":\"https:\\\/\\\/www.pkf-attest.es\\\/tecnologia\\\/#website\"},\"datePublished\":\"2022-05-09T14:20:58+00:00\",\"dateModified\":\"2024-06-12T07:53:39+00:00\",\"description\":\"PKF Attest es miembro de la red de firmas jur\u00eddicamente independientes PKF International Limited y no acepta ninguna responsabilidad u obligaci\u00f3n por las acciones u omisiones de cualquier firma miembro o corresponsal de la red.\",\"breadcrumb\":{\"@id\":\"https:\\\/\\\/www.pkf-attest.es\\\/tecnologia\\\/disclaimer-pkf\\\/#breadcrumb\"},\"inLanguage\":\"es\",\"potentialAction\":[{\"@type\":\"ReadAction\",\"target\":[\"https:\\\/\\\/www.pkf-attest.es\\\/tecnologia\\\/disclaimer-pkf\\\/\"]}]},{\"@type\":\"BreadcrumbList\",\"@id\":\"https:\\\/\\\/www.pkf-attest.es\\\/tecnologia\\\/disclaimer-pkf\\\/#breadcrumb\",\"itemListElement\":[{\"@type\":\"ListItem\",\"position\":1,\"name\":\"Portada\",\"item\":\"https:\\\/\\\/www.pkf-attest.es\\\/tecnologia\\\/\"},{\"@type\":\"ListItem\",\"position\":2,\"name\":\"Disclaimer PKF\"}]},{\"@type\":\"WebSite\",\"@id\":\"https:\\\/\\\/www.pkf-attest.es\\\/tecnologia\\\/#website\",\"url\":\"https:\\\/\\\/www.pkf-attest.es\\\/tecnologia\\\/\",\"name\":\"PKF Attest Tecnologia\",\"description\":\"PKF Attest Tecnologia\",\"publisher\":{\"@id\":\"https:\\\/\\\/www.pkf-attest.es\\\/tecnologia\\\/#organization\"},\"potentialAction\":[{\"@type\":\"SearchAction\",\"target\":{\"@type\":\"EntryPoint\",\"urlTemplate\":\"https:\\\/\\\/www.pkf-attest.es\\\/tecnologia\\\/?s={search_term_string}\"},\"query-input\":{\"@type\":\"PropertyValueSpecification\",\"valueRequired\":true,\"valueName\":\"search_term_string\"}}],\"inLanguage\":\"es\"},{\"@type\":\"Organization\",\"@id\":\"https:\\\/\\\/www.pkf-attest.es\\\/tecnologia\\\/#organization\",\"name\":\"PKF Attest Tecnologia\",\"url\":\"https:\\\/\\\/www.pkf-attest.es\\\/tecnologia\\\/\",\"logo\":{\"@type\":\"ImageObject\",\"inLanguage\":\"es\",\"@id\":\"https:\\\/\\\/www.pkf-attest.es\\\/tecnologia\\\/#\\\/schema\\\/logo\\\/image\\\/\",\"url\":\"https:\\\/\\\/www.pkf-attest.es\\\/tecnologia\\\/wp-content\\\/uploads\\\/sites\\\/2\\\/2023\\\/12\\\/Logotipo_PKF-Attest-675x675-1.jpg\",\"contentUrl\":\"https:\\\/\\\/www.pkf-attest.es\\\/tecnologia\\\/wp-content\\\/uploads\\\/sites\\\/2\\\/2023\\\/12\\\/Logotipo_PKF-Attest-675x675-1.jpg\",\"width\":675,\"height\":675,\"caption\":\"PKF Attest Tecnologia\"},\"image\":{\"@id\":\"https:\\\/\\\/www.pkf-attest.es\\\/tecnologia\\\/#\\\/schema\\\/logo\\\/image\\\/\"}}]}<\/script>\n<!-- \/ Yoast SEO Premium plugin. -->","yoast_head_json":{"title":"Disclaimer PKF - PKF Attest Tecnologia","description":"PKF Attest es miembro de la red de firmas jur\u00eddicamente independientes PKF International Limited y no acepta ninguna responsabilidad u obligaci\u00f3n por las acciones u omisiones de cualquier firma miembro o corresponsal de la red.","robots":{"index":"index","follow":"follow","max-snippet":"max-snippet:-1","max-image-preview":"max-image-preview:large","max-video-preview":"max-video-preview:-1"},"canonical":"https:\/\/www.pkf-attest.es\/tecnologia\/disclaimer-pkf\/","og_locale":"es_ES","og_type":"article","og_title":"Disclaimer PKF","og_description":"PKF Attest es miembro de la red de firmas jur\u00eddicamente independientes PKF International Limited y no acepta ninguna responsabilidad u obligaci\u00f3n por las acciones u omisiones de cualquier firma miembro o corresponsal de la red.","og_url":"https:\/\/www.pkf-attest.es\/tecnologia\/disclaimer-pkf\/","og_site_name":"PKF Attest Tecnologia","article_modified_time":"2024-06-12T07:53:39+00:00","og_image":[{"width":1200,"height":675,"url":"https:\/\/www.pkf-attest.es\/tecnologia\/wp-content\/uploads\/sites\/2\/2023\/12\/Logotipo_PKF-Attest-1200x675-1.jpg","type":"image\/jpeg"}],"twitter_card":"summary_large_image","twitter_misc":{"Tiempo de lectura":"1 minuto"},"schema":{"@context":"https:\/\/schema.org","@graph":[{"@type":"WebPage","@id":"https:\/\/www.pkf-attest.es\/tecnologia\/disclaimer-pkf\/","url":"https:\/\/www.pkf-attest.es\/tecnologia\/disclaimer-pkf\/","name":"Disclaimer PKF - PKF Attest Tecnologia","isPartOf":{"@id":"https:\/\/www.pkf-attest.es\/tecnologia\/#website"},"datePublished":"2022-05-09T14:20:58+00:00","dateModified":"2024-06-12T07:53:39+00:00","description":"PKF Attest es miembro de la red de firmas jur\u00eddicamente independientes PKF International Limited y no acepta ninguna responsabilidad u obligaci\u00f3n por las acciones u omisiones de cualquier firma miembro o corresponsal de la red.","breadcrumb":{"@id":"https:\/\/www.pkf-attest.es\/tecnologia\/disclaimer-pkf\/#breadcrumb"},"inLanguage":"es","potentialAction":[{"@type":"ReadAction","target":["https:\/\/www.pkf-attest.es\/tecnologia\/disclaimer-pkf\/"]}]},{"@type":"BreadcrumbList","@id":"https:\/\/www.pkf-attest.es\/tecnologia\/disclaimer-pkf\/#breadcrumb","itemListElement":[{"@type":"ListItem","position":1,"name":"Portada","item":"https:\/\/www.pkf-attest.es\/tecnologia\/"},{"@type":"ListItem","position":2,"name":"Disclaimer PKF"}]},{"@type":"WebSite","@id":"https:\/\/www.pkf-attest.es\/tecnologia\/#website","url":"https:\/\/www.pkf-attest.es\/tecnologia\/","name":"PKF Attest Tecnologia","description":"PKF Attest Tecnologia","publisher":{"@id":"https:\/\/www.pkf-attest.es\/tecnologia\/#organization"},"potentialAction":[{"@type":"SearchAction","target":{"@type":"EntryPoint","urlTemplate":"https:\/\/www.pkf-attest.es\/tecnologia\/?s={search_term_string}"},"query-input":{"@type":"PropertyValueSpecification","valueRequired":true,"valueName":"search_term_string"}}],"inLanguage":"es"},{"@type":"Organization","@id":"https:\/\/www.pkf-attest.es\/tecnologia\/#organization","name":"PKF Attest Tecnologia","url":"https:\/\/www.pkf-attest.es\/tecnologia\/","logo":{"@type":"ImageObject","inLanguage":"es","@id":"https:\/\/www.pkf-attest.es\/tecnologia\/#\/schema\/logo\/image\/","url":"https:\/\/www.pkf-attest.es\/tecnologia\/wp-content\/uploads\/sites\/2\/2023\/12\/Logotipo_PKF-Attest-675x675-1.jpg","contentUrl":"https:\/\/www.pkf-attest.es\/tecnologia\/wp-content\/uploads\/sites\/2\/2023\/12\/Logotipo_PKF-Attest-675x675-1.jpg","width":675,"height":675,"caption":"PKF Attest Tecnologia"},"image":{"@id":"https:\/\/www.pkf-attest.es\/tecnologia\/#\/schema\/logo\/image\/"}}]}},"featured_image_src":null,"featured_image_src_square":null,"_links":{"self":[{"href":"https:\/\/www.pkf-attest.es\/tecnologia\/wp-json\/wp\/v2\/pages\/2641","targetHints":{"allow":["GET"]}}],"collection":[{"href":"https:\/\/www.pkf-attest.es\/tecnologia\/wp-json\/wp\/v2\/pages"}],"about":[{"href":"https:\/\/www.pkf-attest.es\/tecnologia\/wp-json\/wp\/v2\/types\/page"}],"author":[{"embeddable":true,"href":"https:\/\/www.pkf-attest.es\/tecnologia\/wp-json\/wp\/v2\/users\/32"}],"replies":[{"embeddable":true,"href":"https:\/\/www.pkf-attest.es\/tecnologia\/wp-json\/wp\/v2\/comments?post=2641"}],"version-history":[{"count":2,"href":"https:\/\/www.pkf-attest.es\/tecnologia\/wp-json\/wp\/v2\/pages\/2641\/revisions"}],"predecessor-version":[{"id":14352,"href":"https:\/\/www.pkf-attest.es\/tecnologia\/wp-json\/wp\/v2\/pages\/2641\/revisions\/14352"}],"wp:attachment":[{"href":"https:\/\/www.pkf-attest.es\/tecnologia\/wp-json\/wp\/v2\/media?parent=2641"}],"curies":[{"name":"wp","href":"https:\/\/api.w.org\/{rel}","templated":true}]}}